650)/3. Let j = t + -210. Is j composite?
False
Suppose 118 = -4*x + 2*i, x + 26 + 5 = -i. Let z = x - -1289. Is z a composite number?
False
Suppose 0 = -r - b + 24557, -2*r + 136*b = 141*b - 49108. Is r prime?
False
Let y be 2001/2*(-12)/(-9). Suppose 0 = 5*u - y - 201. Is u composite?
False
Let p(n) = 1034*n - 31. Is p(6) composite?
False
Suppose 3 = 4*o - 5. Suppose -7*m + 8 = -3*m, c - o*m = -138. Let l = 15 - c. Is l a prime number?
True
Let f(j) = 12*j - 4. Let n be f(-6). Suppose 0 = 9*w - w + 1080. Let d = n - w. Is d composite?
False
Suppose 73359 = 9*i - 9432. Suppose -5*g - k = -3*k - i, 0 = 4*g - k - 7361. Is g prime?
False
Let i(w) = -866*w + 1. Let l be i(1). Let c = l + 1416. Is c a composite number?
True
Let g be (30 + -33)*(0 - 2/6). Let j(b) = 476*b - 3. Is j(g) a composite number?
True
Suppose 0 = -4*s - 5427 - 1389. Let x = s + 3041. Is x a composite number?
True
Suppose 19176 + 12390 = 5*a - 4*j, -5*j = -2*a + 12640. Suppose -15775 = -5*g + w, -3*g = -5*g - 4*w + a. Is g composite?
True
Suppose -5*j - 5174 = -5*h - 17709, 5*h = -4*j + 10028. Is j prime?
False
Suppose 0 = 3*r + 1 - 13. Let a be 11 - (r/2 + -4). Suppose -20 = -3*h + a. Is h a composite number?
False
Suppose 4*z = g + 21048, -2*z - 5*g = 4566 - 15068. Is z a prime number?
True
Suppose 202 + 325 = x + n, -4*n - 4 = 0. Suppose x = 4*s - 212. Is s a prime number?
False
Let c be (216/10)/(2/15). Suppose -3*z = -535 - 218. Let s = z - c. Is s prime?
True
Suppose 952 = 4*p + 2*b, -8*b = 4*p - 3*b - 958. Suppose 3*w = -5*l + 1499, 4*l = -2*w + p + 961. Is l prime?
False
Suppose -i = -42 + 246. Let r = i + 683. Is r a prime number?
True
Suppose 3*l = 956 + 3361. Is l composite?
False
Suppose 872*a = 874*a - 6978. Is a a prime number?
False
Suppose 4*q - 69426 = -2*h, q - 5*h - 17359 = -6*h. Is q a prime number?
False
Suppose -26*z - 34*z + 1845420 = 0. Is z composite?
False
Suppose -15 = 20*v - 25*v. Suppose v*o + 3*f = 1962, -f = 3*o + o - 2601. Is o a composite number?
True
Let g = 19430 + 6873. Is g a prime number?
False
Let u(j) = 1956*j**2 - 5*j + 2. Let z be u(3). Is 1/6 - z/(-42) a prime number?
True
Suppose 2*c = -o - 21, -o + 6*o + 66 = 3*c. Let j = 20 + o. Suppose 2*s - 1111 = -3*l, -4*l + 1508 = s - j*s. Is l a composite number?
False
Let x(j) = 17*j + 73. Is x(18) prime?
True
Let r be (-1 - 16/(-4)) + 45. Suppose 0 = r*k - 53*k + 815. Is k a prime number?
True
Let q(l) = 166*l**2 + 47*l + 53. Is q(-10) a prime number?
True
Is ((-81)/162)/((-2)/(-126044)*-1) a prime number?
True
Let j(l) be the second derivative of -l**5/20 + 7*l**4/12 + 5*l**2/2 - 4*l. Let t be j(7). Suppose 189 = t*o - 146. Is o a prime number?
True
Let p(s) = s**3 - 10*s**2 - 4*s + 12. Suppose -14*x = -11*x - 33. Is p(x) a prime number?
True
Is (9/3)/((-6355)/(-1585) + -4) prime?
True
Suppose 0 = -5*r - 5*f + 120820, 45*r - 4*f = 41*r + 96632. Is r prime?
False
Let u be (4/10)/((-2)/(-10)). Let v = 407 - 180. Suppose -u*i - 9 + v = 0. Is i a prime number?
True
Let c be (2 - (-3 + 6 - 0))*0. Suppose v + 2146 = b, -3*b - 4*v + 6459 = -c*b. Is b composite?
True
Suppose -30*w + 37328 = -14*w. Is w composite?
False
Suppose 0 = 2*a + 5*p - 20371, -75*a - 5*p = -72*a - 30564. Is a a composite number?
False
Let o(j) = 31*j - 3. Let t(y) = 0*y**2 + 3 - 2 + 2*y + 2*y**2 - 3. Let a be t(-3). Is o(a) prime?
True
Let t be -1*((-3 - -1) + 2). Suppose 12*f - 10*f - s = -3, -4*f = 5*s - 15. Suppose t = -f*i - i - 3*l + 85, -3*i + l = -295. Is i a prime number?
True
Let a be (-5)/15 + (-97)/(-3). Let f = -124 - a. Let v = 421 + f. Is v a composite number?
True
Let l(d) = 5*d**3 + 3*d**2 + 8*d + 13. Is l(6) a composite number?
False
Let u(k) = k + 9. Let y be u(-6). Suppose -2*p + 327 = s, 0 = 4*s - 0*p - y*p - 1275. Is s composite?
True
Suppose -10*r - 445 = -9*r. Let k = -192 - r. Is k a prime number?
False
Let w(x) = -x**3 + 5*x**2 - 12*x - 11. Let g be w(-8). Suppose -g = -4*a - 3*a. Is a a composite number?
False
Suppose -u - 2*u = -3*d, 20 = 5*d + 5*u. Suppose -r + w - 1255 = -d*r, -4*w = 16. Is r composite?
False
Let r = 64 - 32. Let n = r - 33. Is (n - (-4 + 3)) + 223 a prime number?
True
Suppose 0 = -13*d + 111*d - 433258. Is d a composite number?
False
Suppose -12*n - 20 = -17*n. Suppose 634 = -2*k + n*k. Is k a prime number?
True
Let r(m) = 414*m**3 + m**2 - 3*m + 5. Is r(3) prime?
False
Suppose 0 = -8*w - 6 - 18. Is -3*103/2*2/w a composite number?
False
Let p(v) = -v**3 - 11*v**2 - 10*v + 11. Suppose -3*z + 8 = -2*z - 3*u, -3*z + 16 = -5*u. Let o be 4 + 2/z + -16. Is p(o) prime?
False
Let h(s) be the second derivative of s**4/6 - 5*s**3/6 - 17*s**2/2 + 4*s. Let x be h(-10). Let w = x - 146. Is w a prime number?
False
Let m(k) = 5*k**2 - 23*k + 43. Let z be m(18). Suppose f + 5*y - z = 0, -5*f - 4*y - y + 6165 = 0. Is f prime?
True
Suppose -51 = 5*n - 136. Let f(c) be the third derivative of 7*c**4/24 + 2*c**3/3 + 47*c**2. Is f(n) prime?
False
Let d be (22/6 + -3)*3. Is 3/(-3) - d - -290 a prime number?
False
Suppose -5*v + 14 = -41. Suppose -2*x = 4*d - 590, -4 - v = -3*x. Is d prime?
False
Let q be 2*(-3)/6 + 1. Let j be (q/2)/((-36)/(-12)). Suppose -2*n - 2*n + 716 = j. Is n composite?
False
Suppose 6077 = 2*z - 3*w, 4*z + 4905 = -3*w + 17050. Is z a prime number?
True
Let f(i) = 15*i + 21. Let z be f(8). Let n = 646 + z. Is n a composite number?
False
Let f(v) = 3*v**3 - 6*v**2 + v - 9. Suppose 0 = 4*c - 23 + 3. Is f(c) composite?
True
Suppose -2*l + t - 13 - 10 = 0, 4*l + 3*t = -31. Let n = 47 + l. Is n a prime number?
True
Suppose 324*m - 297*m = 482787. Is m composite?
False
Suppose -r - 6132 = x - 29893, -5*r - 23761 = -x. Is x a prime number?
True
Suppose -v + 3*v + 194 = 0. Let f = -60 - v. Is f a prime number?
True
Suppose 3*k + 4*x + 2 = 0, x - 12 = -5*k + 2*x. Suppose -k*m - 699 = -5*m. Is m prime?
True
Let p(l) = -227*l**2. Let x be p(-1). Let a = 625 + x. Let f = a - 145. Is f a composite number?
True
Is 396610/136*(-36)/(-15) a prime number?
False
Let p = 3686 - -2088. Is p a composite number?
True
Suppose 2206 = j + 4*g, 0 = -18*j + 15*j - g + 6618. Is j composite?
True
Suppose -3*b = -192 - 123. Let i(y) = y - 11. Let r be i(11). Suppose 0 = -5*f - r*f + b. Is f composite?
True
Let f = 111 - 72. Suppose 0*d - f = -3*d. Suppose -m = -3*m + 5*i + d, -4*m = 4*i - 96. Is m a prime number?
True
Let d(q) = -q**3 + 4*q**2 + 3*q + 50. Let j be d(6). Let k(a) be the first derivative of -3*a**4/4 - 5*a**3/3 + a**2/2 - 2*a - 2. Is k(j) a prime number?
False
Let w = 18 + -11. Let n(y) = y**3 - 5*y**2 - 4*y - 5. Let d(a) = -a**3 + 5*a**2 + 4*a + 5. Let i(h) = -4*d(h) - 3*n(h). Is i(w) a composite number?
True
Let s(p) = p + 7. Let j be s(-5). Suppose -4*d - 153 = 3*n, -4*d + 2*n = -j*n + 132. Let i = d + 125. Is i a composite number?
False
Is (506/3)/((-64)/(-96)) prime?
False
Let s(o) = 2*o**2 + 2*o + 267. Is s(46) a prime number?
True
Let y(r) = 10*r**2 + 2*r - 17. Let l be ((-2)/(-5))/((-7)/105 + 0). Is y(l) composite?
False
Let s be (-1 - -2) + 3 + -2. Suppose -4*c + 4 = -s*c. Suppose 174 = -z + 3*z - c*a, a - 168 = -2*z. Is z a prime number?
False
Suppose u = k - 11592, -5*u + 46413 = -95*k + 99*k. Is k a prime number?
True
Is (26/(-78))/(1 + 19196/(-19194)) prime?
False
Suppose -3*s = -z - 2 + 14, -5*z + s = -18. Suppose z*q - 5*j - 237 = q, -j = -5. Is q a prime number?
True
Suppose 2*b + 2*r - 84 = 0, b + 2*r = -r + 50. Suppose f = -f + b. Is (f - (3 + -5)) + 2 composite?
False
Suppose 3*b = -16 + 25. Suppose 0 = 2*c - 2*l - 5904, -b*l + 0 = 15. Is c composite?
True
Is ((-5)/10)/((-28)/1170736) composite?
True
Let b be (-2)/(-1) - (-6 + 4). Suppose 293 = b*i - 3*f, -5*i + 0*i - 4*f + 405 = 0. Is i composite?
True
Suppose 4085 + 4453 = 3*f. Is f a prime number?
False
Suppose 0 = 3*h + 7 - 28. Suppose h*v = 2*v - 165. Is ((-66)/(-18))/((-1)/v) a composite number?
True
Suppose -p - 157 = 2*m - 1417, 5*p = -10. Is m prime?
True
Suppose 4*r = 6*r. Let m(n) = -3*n**2 + 7*n**3 + n - 4*n**3 + r*n + 7. Is m(6) composite?
True
Suppose 2*u = 5*g - 38277, -3*g + 5*u + 26100 - 3130 = 0. Is g composite?
True
Suppose -2*j + 4*v = -10630, 4*v - 14031 = -5*j + 12558. Is j a prime number?
False
Let o = 11847 - 7816. Is o prime?
False
Let x(o) = -o**3 + 9*o**2 + 11*o - 12. Let b be x(10). Let 